{"id":2452,"date":"2023-12-15T09:37:49","date_gmt":"2023-12-15T09:37:49","guid":{"rendered":"https:\/\/3as.pt\/?page_id=2452"},"modified":"2023-12-15T12:49:45","modified_gmt":"2023-12-15T12:49:45","slug":"politica-de-cookies","status":"publish","type":"page","link":"https:\/\/3as.pt\/index.php\/politica-de-cookies\/","title":{"rendered":"Pol\u00edtica de Cookies"},"content":{"rendered":"\t\t<div data-elementor-type=\"wp-page\" data-elementor-id=\"2452\" class=\"elementor elementor-2452\">\n\t\t\t\t<div class=\"elementor-element elementor-element-f356fb e-flex e-con-boxed wpr-particle-no wpr-jarallax-no wpr-parallax-no wpr-sticky-section-no wpr-equal-height-no e-con e-parent\" data-id=\"f356fb\" data-element_type=\"container\" data-e-type=\"container\">\n\t\t\t\t\t<div class=\"e-con-inner\">\n\t\t\t\t<div class=\"elementor-element elementor-element-63575dc1 elementor-widget elementor-widget-text-editor\" data-id=\"63575dc1\" data-element_type=\"widget\" data-e-type=\"widget\" data-widget_type=\"text-editor.default\">\n\t\t\t\t<div class=\"elementor-widget-container\">\n\t\t\t\t\t\t\t\t\t<h2>O que s\u00e3o cookies?<\/h2>\n<p>Os cookies s\u00e3o ficheiros que descarrega e guarda no seu computador, ou em qualquer outro dispositivo de armazenamento de dados, e que guardam informa\u00e7\u00f5es sobre a navega\u00e7\u00e3o do utilizador. Estes ficheiros s\u00e3o necess\u00e1rios para poder aceder a conte\u00fados e servi\u00e7os, bem como para facilitar a navega\u00e7\u00e3o.<\/p>\n<p>Informamo-lo que os cookies n\u00e3o danificam o seu equipamento e o facto de estarem ativos permitem identificar e solucionar poss\u00edveis erros que possam ser produzidos.<\/p>\n<p>A ativa\u00e7\u00e3o da utiliza\u00e7\u00e3o de cookies durante a navega\u00e7\u00e3o no nosso site Web \u00e9 completamente\u00a0volunt\u00e1ria. Informamo-lo que se estiverem desativados, a navega\u00e7\u00e3o no nosso site Web pode n\u00e3o ser a ideal e algumas funcionalidades podem deixar de funcionar.<\/p>\n<p>&nbsp;<\/p>\n<h2>Utiliza\u00e7\u00e3o de cookies<\/h2>\n<p>As informa\u00e7\u00f5es armazenadas nos cookies deste site Web ser\u00e3o tratadas com fins puramente estat\u00edsticos, para possibilitar o acesso a todos os conte\u00fados e fun\u00e7\u00f5es do site Web, bem como para melhorar e otimizar o site Web para o utilizador final.<\/p>\n<p>&nbsp;<\/p>\n<h2>Cookies ativos no site<\/h2>\t\t\t\t\t\t\t\t<\/div>\n\t\t\t\t<\/div>\n\t\t\t\t<div class=\"elementor-element elementor-element-d8b34c7 wpr-data-table-type-custom wpr-table-align-items-left elementor-widget elementor-widget-wpr-data-table\" data-id=\"d8b34c7\" data-element_type=\"widget\" data-e-type=\"widget\" data-widget_type=\"wpr-data-table.default\">\n\t\t\t\t<div class=\"elementor-widget-container\">\n\t\t\t\t\t\n\t\t\t\t\n\t\t<div class=\"wpr-table-container\">\n\t\t<div class=\"wpr-table-inner-container \" data-table-sorting=\"no\" data-custom-pagination=\"no\" data-row-pagination=\"\" data-entry-info=\"no\" data-rows-per-page=\"\">\n\n\t\t\n\t\t\t\t\t\t<table class=\"wpr-data-table\" id=\"wpr-data-table\">\n\t\t\t\t\t\t\t\t\n\t\t\t\t<thead>\n\t\t\t\t\t<tr class=\"wpr-table-head-row wpr-table-row\">\n\t\t\t\t\t\n\t\t\t\t\t\t<th class=\"wpr-table-th elementor-repeater-item-5442f94\" colspan=\"1\">\n\t\t\t\t\t\t\t<div class=\"\">\n\t\t\t\t\t\t\t\t\t\t\t\t\t\t\t\t\n\t\t\t\t\t\t\t\t\t\t\t\t\t\t\t\t\t<span class=\"wpr-table-text\">FORNECEDOR<\/span>\n\t\t\t\t\t\t\t\t\t\t\t\t\t\t\t\t\t\t\t\t\t\t\t\t\t\t\t\t\t\t\t\t\t\t\t\t\t\t\t\t\t\t\t\t\t\t\t<\/div>\n\t\t\t\t\t\t<\/th>\n\t\t\t\t\t\t\n\t\t\t\t\t\t<th class=\"wpr-table-th elementor-repeater-item-1ad6b92\" colspan=\"1\">\n\t\t\t\t\t\t\t<div class=\"\">\n\t\t\t\t\t\t\t\t\t\t\t\t\t\t\t\t\n\t\t\t\t\t\t\t\t\t\t\t\t\t\t\t\t\t<span class=\"wpr-table-text\">NOME<\/span>\n\t\t\t\t\t\t\t\t\t\t\t\t\t\t\t\t\t\t\t\t\t\t\t\t\t\t\t\t\t\t\t\t\t\t\t\t\t\t\t\t\t\t\t\t\t\t\t<\/div>\n\t\t\t\t\t\t<\/th>\n\t\t\t\t\t\t\n\t\t\t\t\t\t<th class=\"wpr-table-th elementor-repeater-item-5464003\" colspan=\"1\">\n\t\t\t\t\t\t\t<div class=\"\">\n\t\t\t\t\t\t\t\t\t\t\t\t\t\t\t\t\n\t\t\t\t\t\t\t\t\t\t\t\t\t\t\t\t\t<span class=\"wpr-table-text\">EXPIRA\u00c7\u00c3O<\/span>\n\t\t\t\t\t\t\t\t\t\t\t\t\t\t\t\t\t\t\t\t\t\t\t\t\t\t\t\t\t\t\t\t\t\t\t\t\t\t\t\t\t\t\t\t\t\t\t<\/div>\n\t\t\t\t\t\t<\/th>\n\t\t\t\t\t\t\n\t\t\t\t\t\t<th class=\"wpr-table-th elementor-repeater-item-6f39664\" colspan=\"1\">\n\t\t\t\t\t\t\t<div class=\"\">\n\t\t\t\t\t\t\t\t\t\t\t\t\t\t\t\t\n\t\t\t\t\t\t\t\t\t\t\t\t\t\t\t\t\t<span class=\"wpr-table-text\">FINALIDADE<\/span>\n\t\t\t\t\t\t\t\t\t\t\t\t\t\t\t\t\t\t\t\t\t\t\t\t\t\t\t\t\t\t\t\t\t\t\t\t\t\t\t\t\t\t\t\t\t\t\t<\/div>\n\t\t\t\t\t\t<\/th>\n\t\t\t\t\t\t\t\t\t\t\t<\/tr>\n\t\t\t\t<\/thead>\n\n\t\t\t\t<tbody>\n\t\t\t\t\t\t\t\t\t<tr class=\"wpr-table-body-row wpr-table-row elementor-repeater-item-4e0b78e wpr-odd\">\n\t\t\t\t\t\t\t\t\t\t\t\t\t\n\t\t\t\t\t\t\t<td colspan=\"\" rowspan=\"\" class=\"elementor-repeater-item-462352c wpr-table-td\">\n\n\t\t\t\t\t\t\t\t<div class=\"wpr-td-content-wrapper \">\n\n\t\t\t\t\t\t\t\t\t\t\t\t\t\t\t\t\t\t\t\t\t\t\t\t\t\t\t\t\t<span>\n\t\t\t\t\t\t\t\t\t \n\t\t\t\t\t\t\t\t\t\t\t<span class=\"wpr-table-text\">\n\t\t\t\t\t\t\t\t\t\t\t\tGoogle Analytics\t\t\t\t\t\t\t\t\t\t\t\t<\/span>\n\t\t\t\t\t\t\t\t\t\t\t\t\t\t\t\t\t\t\t\t<\/span>\n\t\t\t\t\t\t\t\t\t\t\t\t\t\t\t\t\t\t\t\t\t\t\t\t\t\t\t\t\n\t\t\t\t\t\t\t\t<\/div>\n\n\t\t\t\t\t\t\t<\/td>\n\t\t\t\t\t\t\t\t\t\t\t\t\t\t\t\n\t\t\t\t\t\t\t<td colspan=\"\" rowspan=\"\" class=\"elementor-repeater-item-f477d3f wpr-table-td\">\n\n\t\t\t\t\t\t\t\t<div class=\"wpr-td-content-wrapper \">\n\n\t\t\t\t\t\t\t\t\t\t\t\t\t\t\t\t\t\t\t\t\t\t\t\t\t\t\t\t\t<span>\n\t\t\t\t\t\t\t\t\t \n\t\t\t\t\t\t\t\t\t\t\t<span class=\"wpr-table-text\">\n\t\t\t\t\t\t\t\t\t\t\t\t__utma, __utmb, __utmc, __utmz y __utmv\t\t\t\t\t\t\t\t\t\t\t\t<\/span>\n\t\t\t\t\t\t\t\t\t\t\t\t\t\t\t\t\t\t\t\t<\/span>\n\t\t\t\t\t\t\t\t\t\t\t\t\t\t\t\t\t\t\t\t\t\t\t\t\t\t\t\t\n\t\t\t\t\t\t\t\t<\/div>\n\n\t\t\t\t\t\t\t<\/td>\n\t\t\t\t\t\t\t\t\t\t\t\t\t\t\t\n\t\t\t\t\t\t\t<td colspan=\"\" rowspan=\"\" class=\"elementor-repeater-item-3ae48b1 wpr-table-td\">\n\n\t\t\t\t\t\t\t\t<div class=\"wpr-td-content-wrapper \">\n\n\t\t\t\t\t\t\t\t\t\t\t\t\t\t\t\t\t\t\t\t\t\t\t\t\t\t\t\t\t<span>\n\t\t\t\t\t\t\t\t\t \n\t\t\t\t\t\t\t\t\t\t\t<span class=\"wpr-table-text\">\n\t\t\t\t\t\t\t\t\t\t\t\t2 anos\t\t\t\t\t\t\t\t\t\t\t<\/span>\n\t\t\t\t\t\t\t\t\t\t\t\t\t\t\t\t\t\t\t\t<\/span>\n\t\t\t\t\t\t\t\t\t\t\t\t\t\t\t\t\t\t\t\t\t\t\t\t\t\t\t\t\n\t\t\t\t\t\t\t\t<\/div>\n\n\t\t\t\t\t\t\t<\/td>\n\t\t\t\t\t\t\t\t\t\t\t\t\t\t\t\n\t\t\t\t\t\t\t<td colspan=\"\" rowspan=\"\" class=\"elementor-repeater-item-035dab9 wpr-table-td\">\n\n\t\t\t\t\t\t\t\t<div class=\"wpr-td-content-wrapper \">\n\n\t\t\t\t\t\t\t\t\t\t\t\t\t\t\t\t\t\t\t\t\t\t\t\t\t\t\t\t\t<span>\n\t\t\t\t\t\t\t\t\t \n\t\t\t\t\t\t\t\t\t\t\t<span class=\"wpr-table-text\">\n\t\t\t\t\t\t\t\t\t\t\t\tCookies utilizados pelo Google Analytics para controlo estat\u00edstico de acessos.\t\t\t\t\t\t\t\t\t\t\t<\/span>\n\t\t\t\t\t\t\t\t\t\t\t\t\t\t\t\t\t\t\t\t<\/span>\n\t\t\t\t\t\t\t\t\t\t\t\t\t\t\t\t\t\t\t\t\t\t\t\t\t\t\t\t\n\t\t\t\t\t\t\t\t<\/div>\n\n\t\t\t\t\t\t\t<\/td>\n\t\t\t\t\t\t\t\t\t\t\t\t<\/tr>\n\t\t\t        \t\t\t\t<\/tbody>\n\t\t\t<\/table>\n\t\t<\/div>\n\t\t<\/div>\n    \t\t\t\t\t<\/div>\n\t\t\t\t<\/div>\n\t\t\t\t<div class=\"elementor-element elementor-element-a091654 elementor-widget elementor-widget-text-editor\" data-id=\"a091654\" data-element_type=\"widget\" data-e-type=\"widget\" data-widget_type=\"text-editor.default\">\n\t\t\t\t<div class=\"elementor-widget-container\">\n\t\t\t\t\t\t\t\t\t<h2>Mecanismos para a desativa\u00e7\u00e3o dos cookies<\/h2>\nEm qualquer momento pode restringir, bloquear ou desativar os cookies da p\u00e1gina Web do 3AS no seu browser:\n<ul>\n \t<li>Firefox:\u00a0<a style=\"color: #0091a9;\" title=\"\" href=\"https:\/\/support.mozilla.org\/pt-PT\/kb\/Activar%20e%20Desactivar%20cookies\" target=\"_blank\" rel=\"noopener\" data-original-title=\"https:\/\/support.mozilla.org\/pt-PT\/kb\/Activar e Desactivar cookies\">\u201chttps:\/\/support.mozilla.org\/pt-PT\/kb\/Activar e Desactivar cookies\u201d<\/a><\/li>\n \t<li>Internet Explorer 7 e 8: <a style=\"color: #0091a9;\" href=\"http:\/\/windows.microsoft.com\/pt-pt\/windows-vista\/block-or-allow-cookies\" target=\"_blank\" rel=\"noopener\">http:\/\/windows.microsoft.com\/pt-pt\/windows-vista\/block-or-allow-cookies<\/a><\/li>\n \t<li>Internet Explorer 9+:\u00a0<a style=\"color: #0091a9;\" href=\"http:\/\/windows.microsoft.com\/pt-pt\/windows\/cookies-faq#1TC=windows-7\" target=\"_blank\" rel=\"noopener\">http:\/\/windows.microsoft.com\/pt-pt\/windows\/cookies-faq#1TC=windows-7<\/a><\/li>\n \t<li>Google Chrome:\u00a0<a style=\"color: #0091a9;\" href=\"https:\/\/support.google.com\/chrome\/answer\/95647\" target=\"_blank\" rel=\"noopener\">https:\/\/support.google.com\/chrome\/answer\/95647<\/a><\/li>\n \t<li>Opera:\u00a0<a style=\"color: #0091a9;\" href=\"http:\/\/www.opera.com\/help\/tutorials\/security\/privacy\/\" target=\"_blank\" rel=\"noopener\">http:\/\/www.opera.com\/help\/tutorials\/security\/privacy\/<\/a><\/li>\n \t<li>Safari em iOs:\u00a0<a style=\"color: #0091a9;\" href=\"http:\/\/support.apple.com\/kb\/ht1677?viewlocale=pt_PT\" target=\"_blank\" rel=\"noopener\">http:\/\/support.apple.com\/kb\/ht1677?viewlocale=pt_PT<\/a><\/li>\n \t<li>Safari em MacOs:\u00a0<a style=\"color: #0091a9;\" href=\"https:\/\/support.apple.com\/pt-pt\/guide\/safari\/sfri11471\/mac\" target=\"_blank\" rel=\"noopener\">https:\/\/support.apple.com\/pt-pt\/guide\/safari\/sfri11471\/mac<\/a><\/li>\n<\/ul>\n&nbsp;\n\nRelembramos que n\u00e3o poder\u00e1 utilizar determinadas fun\u00e7\u00f5es da nossa p\u00e1gina Web se os cookies n\u00e3o estiverem ativados.\t\t\t\t\t\t\t\t<\/div>\n\t\t\t\t<\/div>\n\t\t\t\t\t<\/div>\n\t\t\t\t<\/div>\n\t\t\t\t<\/div>\n\t\t","protected":false},"excerpt":{"rendered":"<p>O que s\u00e3o cookies? Os cookies s\u00e3o ficheiros que descarrega e guarda no seu computador, ou em qualquer outro dispositivo de armazenamento de dados, e que guardam informa\u00e7\u00f5es sobre a navega\u00e7\u00e3o do utilizador. Estes ficheiros s\u00e3o necess\u00e1rios para poder aceder a conte\u00fados e servi\u00e7os, bem como para facilitar a navega\u00e7\u00e3o. Informamo-lo que os cookies n\u00e3o danificam o seu equipamento e o facto de estarem ativos permitem identificar e solucionar poss\u00edveis erros que possam ser produzidos. A ativa\u00e7\u00e3o da utiliza\u00e7\u00e3o de cookies durante a navega\u00e7\u00e3o no nosso site Web \u00e9 completamente\u00a0volunt\u00e1ria. Informamo-lo que se estiverem desativados, a navega\u00e7\u00e3o no nosso site Web pode n\u00e3o ser a ideal e algumas funcionalidades podem deixar de funcionar. &nbsp; Utiliza\u00e7\u00e3o de cookies As informa\u00e7\u00f5es armazenadas nos cookies deste site Web ser\u00e3o tratadas com fins puramente estat\u00edsticos, para possibilitar o acesso a todos os conte\u00fados e fun\u00e7\u00f5es do site Web, bem como para melhorar e otimizar o site Web para o utilizador final. &nbsp; Cookies ativos no site FORNECEDOR NOME EXPIRA\u00c7\u00c3O FINALIDADE Google Analytics __utma, __utmb, __utmc, __utmz y __utmv 2 anos Cookies utilizados pelo Google Analytics para controlo estat\u00edstico de acessos. Mecanismos para a desativa\u00e7\u00e3o dos cookies Em qualquer momento pode restringir, bloquear ou desativar os cookies da p\u00e1gina Web do 3AS no seu browser: Firefox:\u00a0\u201chttps:\/\/support.mozilla.org\/pt-PT\/kb\/Activar e Desactivar cookies\u201d Internet Explorer 7 e 8: http:\/\/windows.microsoft.com\/pt-pt\/windows-vista\/block-or-allow-cookies Internet Explorer 9+:\u00a0http:\/\/windows.microsoft.com\/pt-pt\/windows\/cookies-faq#1TC=windows-7 Google Chrome:\u00a0https:\/\/support.google.com\/chrome\/answer\/95647 Opera:\u00a0http:\/\/www.opera.com\/help\/tutorials\/security\/privacy\/ Safari em iOs:\u00a0http:\/\/support.apple.com\/kb\/ht1677?viewlocale=pt_PT Safari em MacOs:\u00a0https:\/\/support.apple.com\/pt-pt\/guide\/safari\/sfri11471\/mac &nbsp; Relembramos que n\u00e3o poder\u00e1 utilizar determinadas fun\u00e7\u00f5es da nossa p\u00e1gina Web se os cookies n\u00e3o estiverem ativados.<\/p>\n","protected":false},"author":2,"featured_media":0,"parent":0,"menu_order":0,"comment_status":"closed","ping_status":"closed","template":"","meta":{"_monsterinsights_skip_tracking":false,"_monsterinsights_sitenote_active":false,"_monsterinsights_sitenote_note":"","_monsterinsights_sitenote_category":0,"_uf_show_specific_survey":0,"_uf_disable_surveys":false,"footnotes":""},"class_list":["post-2452","page","type-page","status-publish","hentry"],"aioseo_notices":[],"_links":{"self":[{"href":"https:\/\/3as.pt\/index.php\/wp-json\/wp\/v2\/pages\/2452","targetHints":{"allow":["GET"]}}],"collection":[{"href":"https:\/\/3as.pt\/index.php\/wp-json\/wp\/v2\/pages"}],"about":[{"href":"https:\/\/3as.pt\/index.php\/wp-json\/wp\/v2\/types\/page"}],"author":[{"embeddable":true,"href":"https:\/\/3as.pt\/index.php\/wp-json\/wp\/v2\/users\/2"}],"replies":[{"embeddable":true,"href":"https:\/\/3as.pt\/index.php\/wp-json\/wp\/v2\/comments?post=2452"}],"version-history":[{"count":0,"href":"https:\/\/3as.pt\/index.php\/wp-json\/wp\/v2\/pages\/2452\/revisions"}],"wp:attachment":[{"href":"https:\/\/3as.pt\/index.php\/wp-json\/wp\/v2\/media?parent=2452"}],"curies":[{"name":"wp","href":"https:\/\/api.w.org\/{rel}","templated":true}]}}